{"id":127,"date":"2021-04-03T13:51:21","date_gmt":"2021-04-03T11:51:21","guid":{"rendered":"http:\/\/kyrroeditions.com\/?page_id=127"},"modified":"2025-05-21T11:20:29","modified_gmt":"2025-05-21T09:20:29","slug":"qui-sommes-nous","status":"publish","type":"page","link":"https:\/\/kyrroeditions.com\/index.php\/qui-sommes-nous\/","title":{"rendered":"Qui sommes nous ?"},"content":{"rendered":"\n<div class=\"wp-block-columns is-layout-flex wp-container-core-columns-is-layout-9d6595d7 wp-block-columns-is-layout-flex\">\n<div class=\"wp-block-column is-layout-flow wp-block-column-is-layout-flow\" style=\"flex-basis:100%\">\n<p><\/p>\n<\/div>\n<\/div>\n\n\n\n<div class=\"wp-block-columns is-layout-flex wp-container-core-columns-is-layout-9d6595d7 wp-block-columns-is-layout-flex\">\n<div class=\"wp-block-column is-layout-flow wp-block-column-is-layout-flow\"><div class=\"wp-block-image\">\n<figure data-wp-context=\"{&quot;imageId&quot;:&quot;69e36c8e70c55&quot;}\" data-wp-interactive=\"core\/image\" class=\"alignright size-large is-resized wp-lightbox-container\"><img data-recalc-dims=\"1\" loading=\"lazy\" decoding=\"async\" width=\"832\" height=\"832\" data-wp-class--hide=\"state.isContentHidden\" data-wp-class--show=\"state.isContentVisible\" data-wp-init=\"callbacks.setButtonStyles\" data-wp-on-async--click=\"actions.showLightbox\" data-wp-on-async--load=\"callbacks.setButtonStyles\" data-wp-on-async-window--resize=\"callbacks.setButtonStyles\" src=\"https:\/\/i0.wp.com\/kyrroeditions.com\/wp-content\/uploads\/2021\/04\/171406979_1021874825336898_8572830215659513255_n.jpg?resize=832%2C832&#038;ssl=1\" alt=\"\" class=\"wp-image-608\" style=\"width:381px;height:381px\" srcset=\"https:\/\/i0.wp.com\/kyrroeditions.com\/wp-content\/uploads\/2021\/04\/171406979_1021874825336898_8572830215659513255_n-scaled.jpg?resize=1024%2C1024&amp;ssl=1 1024w, https:\/\/i0.wp.com\/kyrroeditions.com\/wp-content\/uploads\/2021\/04\/171406979_1021874825336898_8572830215659513255_n-scaled.jpg?resize=300%2C300&amp;ssl=1 300w, https:\/\/i0.wp.com\/kyrroeditions.com\/wp-content\/uploads\/2021\/04\/171406979_1021874825336898_8572830215659513255_n-scaled.jpg?resize=150%2C150&amp;ssl=1 150w, https:\/\/i0.wp.com\/kyrroeditions.com\/wp-content\/uploads\/2021\/04\/171406979_1021874825336898_8572830215659513255_n-scaled.jpg?resize=768%2C768&amp;ssl=1 768w, https:\/\/i0.wp.com\/kyrroeditions.com\/wp-content\/uploads\/2021\/04\/171406979_1021874825336898_8572830215659513255_n-scaled.jpg?resize=1536%2C1536&amp;ssl=1 1536w, https:\/\/i0.wp.com\/kyrroeditions.com\/wp-content\/uploads\/2021\/04\/171406979_1021874825336898_8572830215659513255_n-scaled.jpg?resize=2048%2C2048&amp;ssl=1 2048w, https:\/\/i0.wp.com\/kyrroeditions.com\/wp-content\/uploads\/2021\/04\/171406979_1021874825336898_8572830215659513255_n-scaled.jpg?resize=600%2C600&amp;ssl=1 600w, https:\/\/i0.wp.com\/kyrroeditions.com\/wp-content\/uploads\/2021\/04\/171406979_1021874825336898_8572830215659513255_n-scaled.jpg?w=1664&amp;ssl=1 1664w, https:\/\/i0.wp.com\/kyrroeditions.com\/wp-content\/uploads\/2021\/04\/171406979_1021874825336898_8572830215659513255_n-scaled.jpg?w=2496&amp;ssl=1 2496w\" sizes=\"auto, (max-width: 832px) 100vw, 832px\" \/><button\n\t\t\tclass=\"lightbox-trigger\"\n\t\t\ttype=\"button\"\n\t\t\taria-haspopup=\"dialog\"\n\t\t\taria-label=\"Agrandir\"\n\t\t\tdata-wp-init=\"callbacks.initTriggerButton\"\n\t\t\tdata-wp-on-async--click=\"actions.showLightbox\"\n\t\t\tdata-wp-style--right=\"state.imageButtonRight\"\n\t\t\tdata-wp-style--top=\"state.imageButtonTop\"\n\t\t>\n\t\t\t<svg xmlns=\"http:\/\/www.w3.org\/2000\/svg\" width=\"12\" height=\"12\" fill=\"none\" viewBox=\"0 0 12 12\">\n\t\t\t\t<path fill=\"#fff\" d=\"M2 0a2 2 0 0 0-2 2v2h1.5V2a.5.5 0 0 1 .5-.5h2V0H2Zm2 10.5H2a.5.5 0 0 1-.5-.5V8H0v2a2 2 0 0 0 2 2h2v-1.5ZM8 12v-1.5h2a.5.5 0 0 0 .5-.5V8H12v2a2 2 0 0 1-2 2H8Zm2-12a2 2 0 0 1 2 2v2h-1.5V2a.5.5 0 0 0-.5-.5H8V0h2Z\" \/>\n\t\t\t<\/svg>\n\t\t<\/button><\/figure><\/div><\/div>\n\n\n\n<div class=\"wp-block-column is-vertically-aligned-center is-layout-flow wp-block-column-is-layout-flow\">\n<p>Cr\u00e9\u00e9e en 2020, Kyrr\u014d \u00c9ditions est une petite structure qui donne la part belle \u00e0 l\u2019\u00e9motion sous toutes ses formes.<\/p>\n\n\n\n<p>Au travers de cinq collections, \u00e0 ce jour, aux noms islandais qui invitent \u00e0 l\u2019\u00e9vasion, Kyrr\u014d explore les nuances de l\u2019amour. Elskur, l\u2019amour pur et \u00e9vident ; \u00c1kafur, l\u2019amour torride et sensuel ; Fyndi\u00f0 et Lil\u2019 Fyndi\u00f0, les com\u00e9dies romantiques en petit et grand format ; Myrkur, l\u2019amour sombre et bouleversant. Sans oublier la collection Hors-s\u00e9rie avec un recueil de nouvelles plus horrifiques les unes que les autres.<\/p>\n\n\n\n<p>Ind\u00e9pendante, engag\u00e9e, exigeante, Kyrr\u014d ne cesse de chercher \u00e0 s\u2019am\u00e9liorer et \u00e0 rendre l\u2019exp\u00e9rience de son lectorat inoubliable. Qu\u2019il s\u2019agisse de la force des messages transmis, de la singularit\u00e9 des histoires d\u2019amour propos\u00e9es, de l\u2019innovation avec ses \u00e9pilogues 2.0, Kyrr\u014d se d\u00e9marque par son souci du d\u00e9tail.<\/p>\n\n\n\n<p>De la couverture, toujours originale et travaill\u00e9e, \u00e0 la mise en page illustr\u00e9e, chez Kyrr\u014d chaque histoire est choy\u00e9e, sublim\u00e9e, pour offrir au lectorat une exp\u00e9rience unique. L\u2019objet livre est l\u2019\u00e9crin de l\u2019imaginaire de l\u2019auteur.<\/p>\n\n\n\n<p><\/p>\n<\/div>\n<\/div>\n\n\n\n<p>Port\u00e9e par ce slogan \u00ab Le lien qui nous lit \u00bb, la maison d\u2019\u00e9dition \u00e0 la corde attache ses lecteurs aux sentiments distill\u00e9s dans les romans qu\u2019elle propose : \u00e9moi, rire, fi\u00e8vre ou frisson.<\/p>\n\n\n\n<p>Kyrr\u014d fait le choix de grandir sans se presser, pr\u00e9f\u00e9rant la qualit\u00e9 \u00e0 la quantit\u00e9. Un pari gagnant qui fait de Kyrr\u014d une maison d\u2019\u00e9dition qui a l\u2019\u00e2me d\u2019un foyer.<\/p>\n\n\n\n<p>Kyrr\u00f5 est une maison d&rsquo;\u00e9dition \u00e0 <strong>compte d&rsquo;\u00e9diteur<\/strong>. Il ne vous sera demand\u00e9 aucun financement, personnel ou sous forme de cagnotte participative, pour financer votre publication. <\/p>\n\n\n\n<h1 class=\"wp-block-heading has-text-align-center\" style=\"font-size:25px\"><span style=\"background-color:rgba(0, 0, 0, 0)\" class=\"has-inline-color has-vivid-cyan-blue-color\">C&rsquo;est quoi Kyrr\u00f5 ? Pourquoi Kyrr\u00f5 ?<\/span><\/h1>\n\n\n\n<div class=\"wp-block-columns is-layout-flex wp-container-core-columns-is-layout-9d6595d7 wp-block-columns-is-layout-flex\">\n<div class=\"wp-block-column is-layout-flow wp-block-column-is-layout-flow\" style=\"flex-basis:50%\">\n<p><\/p>\n\n\n\n<p style=\"font-size:22px\">Choisir le nom d&rsquo;une maison d&rsquo;\u00e9dition, c&rsquo;est comme offrir un pr\u00e9nom \u00e0 un nouveau-n\u00e9. On y cherche du sens. On lui cr\u00e9\u00e9 une histoire.<\/p>\n\n\n\n<p style=\"font-size:22px\">En Islande, certains mots ont une d\u00e9finition po\u00e9tique. Ils expriment un \u00e9motion, un sentiment, comme lorsqu&rsquo;on tourne les pages d&rsquo;un roman. Et c&rsquo;est de ce constat, de cette autre passion commune, qu&rsquo;est venue l&rsquo;envie d&rsquo;offrir \u00e0 notre maison d&rsquo;\u00e9dition une histoire, rien qu&rsquo;\u00e0 elle :<\/p>\n<\/div>\n\n\n\n<div class=\"wp-block-column is-layout-flow wp-block-column-is-layout-flow\" style=\"flex-basis:50%\"><div class=\"wp-block-image is-style-default\">\n<figure class=\"aligncenter size-large\"><img data-recalc-dims=\"1\" loading=\"lazy\" decoding=\"async\" width=\"832\" height=\"555\" src=\"https:\/\/i0.wp.com\/kyrroeditions.com\/wp-content\/uploads\/2021\/04\/northern-lights-above-bridge-with-illumination-in-BXZM68F.jpg?resize=832%2C555&#038;ssl=1\" alt=\"\" class=\"wp-image-264\" srcset=\"https:\/\/i0.wp.com\/kyrroeditions.com\/wp-content\/uploads\/2021\/04\/northern-lights-above-bridge-with-illumination-in-BXZM68F-scaled.jpg?resize=1024%2C683&amp;ssl=1 1024w, https:\/\/i0.wp.com\/kyrroeditions.com\/wp-content\/uploads\/2021\/04\/northern-lights-above-bridge-with-illumination-in-BXZM68F-scaled.jpg?resize=300%2C200&amp;ssl=1 300w, https:\/\/i0.wp.com\/kyrroeditions.com\/wp-content\/uploads\/2021\/04\/northern-lights-above-bridge-with-illumination-in-BXZM68F-scaled.jpg?resize=150%2C100&amp;ssl=1 150w, https:\/\/i0.wp.com\/kyrroeditions.com\/wp-content\/uploads\/2021\/04\/northern-lights-above-bridge-with-illumination-in-BXZM68F-scaled.jpg?resize=768%2C513&amp;ssl=1 768w, https:\/\/i0.wp.com\/kyrroeditions.com\/wp-content\/uploads\/2021\/04\/northern-lights-above-bridge-with-illumination-in-BXZM68F-scaled.jpg?resize=1536%2C1025&amp;ssl=1 1536w, https:\/\/i0.wp.com\/kyrroeditions.com\/wp-content\/uploads\/2021\/04\/northern-lights-above-bridge-with-illumination-in-BXZM68F-scaled.jpg?w=1664&amp;ssl=1 1664w, https:\/\/i0.wp.com\/kyrroeditions.com\/wp-content\/uploads\/2021\/04\/northern-lights-above-bridge-with-illumination-in-BXZM68F-scaled.jpg?w=2496&amp;ssl=1 2496w\" sizes=\"auto, (max-width: 832px) 100vw, 832px\" \/><\/figure><\/div><\/div>\n<\/div>\n\n\n\n<p><\/p>\n\n\n\n<blockquote class=\"wp-block-quote is-style-default is-layout-flow wp-block-quote-is-layout-flow\">\n<p><strong>\u00ab&nbsp;<\/strong>Kyrr\u00f0, c\u2019est cet instant de paix et de silence, ce moment qui nous tient en suspend et qui nous emp\u00eache de respirer l\u2019\u00e9ternit\u00e9 d\u2019une seconde. Pour moi, c\u2019est le mot qui exprime le moment o\u00f9 l\u2019\u00e9cho s\u2019est tu, les quelques minutes avant le lever du soleil et celles qui suivent son coucher. Kyrr\u00f0, c\u2019est une \u00e9glise vide, emplie de pri\u00e8res silencieuses et de m\u00e9moires. Kyrr\u00f0, c\u2019est le sommeil de l\u2019enfant. Ce mot, \u00e9voque l\u2019impalpable. Il explose avec son \u00ab k \u00bb initial, le son \u00ab i \u00bb le suit doux comme un souffle, le \u00ab r \u00bb roule sur la langue pour s\u2019\u00e9teindre sur le son \u00ab th \u00bb et quand on a fini de le prononcer, les ondes qui ont quitt\u00e9 votre corps se dissolvent dans l\u2019espace et il ne reste que ce silence, celui qui rend hommage \u00e0 la beaut\u00e9. <strong>\u00bb<\/strong><\/p>\n<cite><em>(Estelle &#8211; www.vivreenislande.fr)<\/em><\/cite><\/blockquote>\n\n\n\n<p><\/p>\n","protected":false},"excerpt":{"rendered":"<p>Cr\u00e9\u00e9e en 2020, Kyrr\u014d \u00c9ditions est une petite structure qui donne la part belle \u00e0 l\u2019\u00e9motion sous toutes ses formes. Au travers de cinq collections, \u00e0 ce jour, aux noms islandais qui invitent \u00e0 l\u2019\u00e9vasion, Kyrr\u014d explore les nuances de l\u2019amour. Elskur, l\u2019amour pur et \u00e9vident ; \u00c1kafur, l\u2019amour torride et sensuel ; Fyndi\u00f0 et <a class=\"read-more\" href=\"https:\/\/kyrroeditions.com\/index.php\/qui-sommes-nous\/\">Read More<\/a><\/p>\n","protected":false},"author":1,"featured_media":0,"parent":0,"menu_order":0,"comment_status":"closed","ping_status":"closed","template":"","meta":{"footnotes":""},"class_list":["post-127","page","type-page","status-publish","hentry"],"jetpack-related-posts":[],"jetpack_sharing_enabled":true,"_links":{"self":[{"href":"https:\/\/kyrroeditions.com\/index.php\/wp-json\/wp\/v2\/pages\/127","targetHints":{"allow":["GET"]}}],"collection":[{"href":"https:\/\/kyrroeditions.com\/index.php\/wp-json\/wp\/v2\/pages"}],"about":[{"href":"https:\/\/kyrroeditions.com\/index.php\/wp-json\/wp\/v2\/types\/page"}],"author":[{"embeddable":true,"href":"https:\/\/kyrroeditions.com\/index.php\/wp-json\/wp\/v2\/users\/1"}],"replies":[{"embeddable":true,"href":"https:\/\/kyrroeditions.com\/index.php\/wp-json\/wp\/v2\/comments?post=127"}],"version-history":[{"count":19,"href":"https:\/\/kyrroeditions.com\/index.php\/wp-json\/wp\/v2\/pages\/127\/revisions"}],"predecessor-version":[{"id":6226,"href":"https:\/\/kyrroeditions.com\/index.php\/wp-json\/wp\/v2\/pages\/127\/revisions\/6226"}],"wp:attachment":[{"href":"https:\/\/kyrroeditions.com\/index.php\/wp-json\/wp\/v2\/media?parent=127"}],"curies":[{"name":"wp","href":"https:\/\/api.w.org\/{rel}","templated":true}]}}