{"id":272,"date":"2021-04-04T12:26:08","date_gmt":"2021-04-04T10:26:08","guid":{"rendered":"https:\/\/kyrroeditions.com\/?page_id=272"},"modified":"2025-05-21T11:24:01","modified_gmt":"2025-05-21T09:24:01","slug":"mentions-legales","status":"publish","type":"page","link":"https:\/\/kyrroeditions.com\/index.php\/mentions-legales\/","title":{"rendered":"Mentions l\u00e9gales"},"content":{"rendered":"\n<p>Merci de lire avec attention les diff\u00e9rentes modalit\u00e9s d\u2019utilisation du pr\u00e9sent site avant d\u2019y parcourir ses pages. En vous connectant sur ce site, vous acceptez sans r\u00e9serve les pr\u00e9sentes modalit\u00e9s. Aussi, conform\u00e9ment \u00e0 l\u2019article n\u00b06 de la Loi n\u00b02004-575 du 21 Juin 2004 pour la confiance dans l\u2019\u00e9conomie num\u00e9rique, les responsables du pr\u00e9sent site internet <a href=\"https:\/\/kyrroeditions.com\">https:\/\/kyrroeditions.com<\/a>&nbsp; sont :<\/p>\n\n\n\n<div class=\"wp-block-group\"><div class=\"wp-block-group__inner-container is-layout-flow wp-block-group-is-layout-flow\">\n<p>Editeurs du site :<\/p>\n\n\n\n<p>Karine Anselme alias Karyn Adler pour Kyrr\u00f5 \u00e9ditions<\/p>\n\n\n\n<p>Dont le si\u00e8ge social est 2 rue du tertre, 56910 Saint Nicolas du Tertre, France.<\/p>\n\n\n\n<p><a href=\"mailto:contact@kyrroeditions.fr\">contact@kyrroeditions.fr<\/a>&nbsp;<\/p>\n\n\n\n<p>07.81.62.92.67<\/p>\n\n\n\n<p>Immatricul\u00e9e au R.C.S. de Rennes sous le num\u00e9ro Siret 88976552500031<\/p>\n<\/div><\/div>\n\n\n\n<p>Directrices de publication : Karine Anselme alias Karyn Adler et Lo\u00efs Smes<\/p>\n\n\n\n<p>Ce site est h\u00e9berg\u00e9 par WordPress.<\/p>\n\n\n\n<p>Conditions G\u00e9n\u00e9rales de Vente (CGV)<\/p>\n\n\n\n<p>Cookies : Le site peut-\u00eatre amen\u00e9 \u00e0 vous demander l\u2019acceptation des cookies pour des besoins de statistiques et d\u2019affichage. Un cookie est une information d\u00e9pos\u00e9e sur votre disque dur par le serveur du site que vous visitez. Il contient plusieurs donn\u00e9es qui sont stock\u00e9es sur votre ordinateur dans un simple fichier texte auquel un serveur acc\u00e8de pour lire et enregistrer des informations. Certaines parties de ce site ne peuvent \u00eatre fonctionnelles sans l\u2019acceptation de cookies.<\/p>\n\n\n\n<p>Les informations contenues sur ce site sont aussi pr\u00e9cises que possible et le site remis \u00e0 jour \u00e0 diff\u00e9rentes p\u00e9riodes de l\u2019ann\u00e9e, mais peut toutefois contenir des inexactitudes ou des omissions. Si vous constatez une lacune, erreur ou ce qui para\u00eet \u00eatre un dysfonctionnement, merci de bien vouloir le signaler par email, \u00e0 l\u2019adresse <strong>contact@kyrroeditions.fr<\/strong>, en d\u00e9crivant le probl\u00e8me de la mani\u00e8re la plus pr\u00e9cise possible (page posant probl\u00e8me, type d\u2019ordinateur et de navigateur utilis\u00e9, \u2026).<\/p>\n\n\n\n<p>Droit de reproduction :<\/p>\n\n\n\n<p>\u2022 Les informations pr\u00e9sent\u00e9es sur ce site sont publiques. Cependant tout le contenu du site internet <a href=\"https:\/\/kyrroeditions.com\">https:\/\/kyrroeditions.com<\/a> est prot\u00e9g\u00e9 au titre de la propri\u00e9t\u00e9 intellectuelle. Toute reproduction des extraits de romans de Kyrr\u00f5 \u00e9ditions est strictement interdite sans accord pr\u00e9alable des \u00e9diteurs.<\/p>\n\n\n\n<p>\u2022 La reproduction des pages de ce site est autoris\u00e9e \u00e0 la condition d\u2019y mentionner la source et de cr\u00e9er un lien sur la ou les pages de r\u00e9f\u00e9rence. Elles ne peuvent \u00eatre utilis\u00e9es \u00e0 des fins commerciales ou publicitaires. Lorsque des donn\u00e9es pr\u00e9sentes sur ce site ont un caract\u00e8re nominatif, les utilisateurs doivent en faire un usage conforme aux r\u00e9glementations en vigueur et aux recommandations de la Commission Nationale de l\u2019Informatique et des Libert\u00e9s (CNIL).<\/p>\n","protected":false},"excerpt":{"rendered":"<p>Merci de lire avec attention les diff\u00e9rentes modalit\u00e9s d\u2019utilisation du pr\u00e9sent site avant d\u2019y parcourir ses pages. En vous connectant sur ce site, vous acceptez sans r\u00e9serve les pr\u00e9sentes modalit\u00e9s. Aussi, conform\u00e9ment \u00e0 l\u2019article n\u00b06 de la Loi n\u00b02004-575 du 21 Juin 2004 pour la confiance dans l\u2019\u00e9conomie num\u00e9rique, les responsables du pr\u00e9sent site internet <a class=\"read-more\" href=\"https:\/\/kyrroeditions.com\/index.php\/mentions-legales\/\">Read More<\/a><\/p>\n","protected":false},"author":1,"featured_media":0,"parent":0,"menu_order":0,"comment_status":"closed","ping_status":"closed","template":"","meta":{"footnotes":""},"class_list":["post-272","page","type-page","status-publish","hentry"],"jetpack-related-posts":[],"jetpack_sharing_enabled":true,"_links":{"self":[{"href":"https:\/\/kyrroeditions.com\/index.php\/wp-json\/wp\/v2\/pages\/272","targetHints":{"allow":["GET"]}}],"collection":[{"href":"https:\/\/kyrroeditions.com\/index.php\/wp-json\/wp\/v2\/pages"}],"about":[{"href":"https:\/\/kyrroeditions.com\/index.php\/wp-json\/wp\/v2\/types\/page"}],"author":[{"embeddable":true,"href":"https:\/\/kyrroeditions.com\/index.php\/wp-json\/wp\/v2\/users\/1"}],"replies":[{"embeddable":true,"href":"https:\/\/kyrroeditions.com\/index.php\/wp-json\/wp\/v2\/comments?post=272"}],"version-history":[{"count":4,"href":"https:\/\/kyrroeditions.com\/index.php\/wp-json\/wp\/v2\/pages\/272\/revisions"}],"predecessor-version":[{"id":6228,"href":"https:\/\/kyrroeditions.com\/index.php\/wp-json\/wp\/v2\/pages\/272\/revisions\/6228"}],"wp:attachment":[{"href":"https:\/\/kyrroeditions.com\/index.php\/wp-json\/wp\/v2\/media?parent=272"}],"curies":[{"name":"wp","href":"https:\/\/api.w.org\/{rel}","templated":true}]}}