{"id":8971,"date":"2026-02-26T20:30:49","date_gmt":"2026-02-26T19:30:49","guid":{"rendered":"https:\/\/kyrroeditions.com\/?page_id=8971"},"modified":"2026-03-02T22:50:07","modified_gmt":"2026-03-02T21:50:07","slug":"beats-lois-smes-trigger-warning","status":"publish","type":"page","link":"https:\/\/kyrroeditions.com\/index.php\/beats-lois-smes-trigger-warning\/","title":{"rendered":"Beats &#8211; Lo\u00efs Smes &#8211; Trigger Warning"},"content":{"rendered":"<div class=\"wp-block-image\">\n<figure class=\"aligncenter size-large is-resized\"><a href=\"https:\/\/i0.wp.com\/kyrroeditions.com\/wp-content\/uploads\/2026\/03\/titre-couleur.png?ssl=1\"><img data-recalc-dims=\"1\" fetchpriority=\"high\" decoding=\"async\" width=\"832\" height=\"992\" src=\"https:\/\/i0.wp.com\/kyrroeditions.com\/wp-content\/uploads\/2026\/03\/titre-couleur.png?resize=832%2C992&#038;ssl=1\" alt=\"\" class=\"wp-image-8998\" style=\"width:525px;height:auto\" srcset=\"https:\/\/i0.wp.com\/kyrroeditions.com\/wp-content\/uploads\/2026\/03\/titre-couleur.png?resize=859%2C1024&amp;ssl=1 859w, https:\/\/i0.wp.com\/kyrroeditions.com\/wp-content\/uploads\/2026\/03\/titre-couleur.png?resize=252%2C300&amp;ssl=1 252w, https:\/\/i0.wp.com\/kyrroeditions.com\/wp-content\/uploads\/2026\/03\/titre-couleur.png?resize=126%2C150&amp;ssl=1 126w, https:\/\/i0.wp.com\/kyrroeditions.com\/wp-content\/uploads\/2026\/03\/titre-couleur.png?resize=768%2C916&amp;ssl=1 768w, https:\/\/i0.wp.com\/kyrroeditions.com\/wp-content\/uploads\/2026\/03\/titre-couleur.png?resize=1288%2C1536&amp;ssl=1 1288w, https:\/\/i0.wp.com\/kyrroeditions.com\/wp-content\/uploads\/2026\/03\/titre-couleur.png?resize=1718%2C2048&amp;ssl=1 1718w, https:\/\/i0.wp.com\/kyrroeditions.com\/wp-content\/uploads\/2026\/03\/titre-couleur.png?resize=600%2C715&amp;ssl=1 600w, https:\/\/i0.wp.com\/kyrroeditions.com\/wp-content\/uploads\/2026\/03\/titre-couleur.png?resize=64%2C76&amp;ssl=1 64w, https:\/\/i0.wp.com\/kyrroeditions.com\/wp-content\/uploads\/2026\/03\/titre-couleur.png?w=1981&amp;ssl=1 1981w, https:\/\/i0.wp.com\/kyrroeditions.com\/wp-content\/uploads\/2026\/03\/titre-couleur.png?w=1664&amp;ssl=1 1664w\" sizes=\"(max-width: 832px) 100vw, 832px\" \/><\/a><\/figure>\n<\/div>\n\n\n<h1 class=\"wp-block-heading has-text-align-center\">Avertissements<\/h1>\n\n\n\n<p class=\"has-text-align-center\"><strong>CE ROMAN EST R\u00c9SERV\u00c9 \u00c0 UN PUBLIC MAJEUR ET AVERTI.<\/strong><\/p>\n\n\n\n<p>Cette \u0153uvre contient des sc\u00e8nes explicites, difficiles, mettant en sc\u00e8ne des relations complexes ou des actes mettant en danger les protagonistes, sans volont\u00e9 de nuire. Ces sc\u00e8nes n\u2019ont pas vocation \u00e0 romantiser les faits, mais \u00e0 les d\u00e9noncer \u00e0 travers une vision psychologique des sch\u00e9mas comportementaux caus\u00e9s par des traumatismes.<\/p>\n\n\n\n<p>Attention, ce livre comporte des sc\u00e8nes faisant mention de :<\/p>\n\n\n\n<p>Deuil<br>Traumatisme<br>Consentement flou<br>Consommation d&rsquo;alcool<br>Agression<\/p>\n\n\n\n<p>Si vous \u00eates victimes ou t\u00e9moins de situations similaires \u00e0 ce que vous d\u00e9couvrirez dans ce livre. Ou si vous avez le moindre doute, les num\u00e9ros suivants sont l\u00e0 pour vous aider.<\/p>\n\n\n\n<h2 class=\"wp-block-heading\"><strong>Les num\u00e9ros utiles<\/strong><\/h2>\n\n\n\n<p><strong>D\u00e9pression, deuil, id\u00e9es suicidaires :<\/strong><br>France : Suicide \u00c9coute \u2013 01 45 39 40 00<br>Canada : Talk Suicide Canada \u2013 1-833-456-4566<br>Belgique : Centre de Pr\u00e9vention du Suicide \u2013 0800 32 123<br>Suisse : La Main Tendue \u2013 143<\/p>\n\n\n\n<p><strong>Consommation d&rsquo;alcool :<\/strong><br>France : Alcool Infos Service \u2013 09 80 98 09 30<br>Canada : Drug Rehab Services \u2013 1-877-254-3348<br>Belgique : Aide-Alcool \u2013 02 227.52.52<br>Suisse : SOS Alcool \u2013 0848 805 005<\/p>\n\n\n\n<p><strong>Violences &amp; agressions sexuelles :<\/strong><br>France : Viols-Femmes-Informations \u2013 0 800 05 95 95<br>Canada : Aide aux victimes d\u2019agressions \u2013 1-877-644-4545<br>Belgique : SOS Viol \u2013 0800 98 100<br>Suisse : LAVI (Loi sur l\u2019aide aux victimes) \u2013 0848 110 110<\/p>\n","protected":false},"excerpt":{"rendered":"<p>Avertissements CE ROMAN EST R\u00c9SERV\u00c9 \u00c0 UN PUBLIC MAJEUR ET AVERTI. Cette \u0153uvre contient des sc\u00e8nes explicites, difficiles, mettant en sc\u00e8ne des relations complexes ou des actes mettant en danger les protagonistes, sans volont\u00e9 de nuire. Ces sc\u00e8nes n\u2019ont pas vocation \u00e0 romantiser les faits, mais \u00e0 les d\u00e9noncer \u00e0 travers une vision psychologique des <a class=\"read-more\" href=\"https:\/\/kyrroeditions.com\/index.php\/beats-lois-smes-trigger-warning\/\">Read More<\/a><\/p>\n","protected":false},"author":1,"featured_media":0,"parent":0,"menu_order":0,"comment_status":"closed","ping_status":"closed","template":"","meta":{"footnotes":""},"class_list":["post-8971","page","type-page","status-publish","hentry"],"jetpack-related-posts":[],"jetpack_sharing_enabled":true,"_links":{"self":[{"href":"https:\/\/kyrroeditions.com\/index.php\/wp-json\/wp\/v2\/pages\/8971","targetHints":{"allow":["GET"]}}],"collection":[{"href":"https:\/\/kyrroeditions.com\/index.php\/wp-json\/wp\/v2\/pages"}],"about":[{"href":"https:\/\/kyrroeditions.com\/index.php\/wp-json\/wp\/v2\/types\/page"}],"author":[{"embeddable":true,"href":"https:\/\/kyrroeditions.com\/index.php\/wp-json\/wp\/v2\/users\/1"}],"replies":[{"embeddable":true,"href":"https:\/\/kyrroeditions.com\/index.php\/wp-json\/wp\/v2\/comments?post=8971"}],"version-history":[{"count":4,"href":"https:\/\/kyrroeditions.com\/index.php\/wp-json\/wp\/v2\/pages\/8971\/revisions"}],"predecessor-version":[{"id":8999,"href":"https:\/\/kyrroeditions.com\/index.php\/wp-json\/wp\/v2\/pages\/8971\/revisions\/8999"}],"wp:attachment":[{"href":"https:\/\/kyrroeditions.com\/index.php\/wp-json\/wp\/v2\/media?parent=8971"}],"curies":[{"name":"wp","href":"https:\/\/api.w.org\/{rel}","templated":true}]}}