{"id":1289,"date":"2022-04-04T23:43:04","date_gmt":"2022-04-04T21:43:04","guid":{"rendered":"https:\/\/kyrroeditions.com\/?post_type=product&#038;p=1289"},"modified":"2026-04-17T20:17:47","modified_gmt":"2026-04-17T18:17:47","slug":"gabriel-surprendre","status":"publish","type":"product","link":"https:\/\/kyrroeditions.com\/index.php\/produit\/gabriel-surprendre\/","title":{"rendered":"Gabriel &#8211; Surprendre &#8211; Karyn Adler &#038; Lo\u00efs Smes &#8211; Spin-off duologie \u00ab\u00a0Lenny\u00a0\u00bb"},"content":{"rendered":"<p><em><strong><img data-recalc-dims=\"1\" loading=\"lazy\" decoding=\"async\" class=\"alignnone size-medium wp-image-1292\" src=\"https:\/\/i0.wp.com\/kyrroeditions.com\/wp-content\/uploads\/2022\/04\/277419643_1029147264378269_8922573050629385104_n.png?resize=300%2C230&#038;ssl=1\" alt=\"\" width=\"300\" height=\"230\" srcset=\"https:\/\/i0.wp.com\/kyrroeditions.com\/wp-content\/uploads\/2022\/04\/277419643_1029147264378269_8922573050629385104_n.png?resize=300%2C230&amp;ssl=1 300w, https:\/\/i0.wp.com\/kyrroeditions.com\/wp-content\/uploads\/2022\/04\/277419643_1029147264378269_8922573050629385104_n.png?resize=1024%2C785&amp;ssl=1 1024w, https:\/\/i0.wp.com\/kyrroeditions.com\/wp-content\/uploads\/2022\/04\/277419643_1029147264378269_8922573050629385104_n.png?resize=150%2C115&amp;ssl=1 150w, https:\/\/i0.wp.com\/kyrroeditions.com\/wp-content\/uploads\/2022\/04\/277419643_1029147264378269_8922573050629385104_n.png?resize=768%2C589&amp;ssl=1 768w, https:\/\/i0.wp.com\/kyrroeditions.com\/wp-content\/uploads\/2022\/04\/277419643_1029147264378269_8922573050629385104_n.png?resize=600%2C460&amp;ssl=1 600w, https:\/\/i0.wp.com\/kyrroeditions.com\/wp-content\/uploads\/2022\/04\/277419643_1029147264378269_8922573050629385104_n.png?w=1500&amp;ssl=1 1500w\" sizes=\"auto, (max-width: 300px) 100vw, 300px\" \/><\/strong><\/em><\/p>\n<h2><strong>[ romance contemporaine. ]<\/strong><\/h2>\n<p>&nbsp;<\/p>\n<p><strong><em>Gabriel aime surprendre. Si vous voulez le laisser faire, ne lisez pas ce qui suit.<\/em><\/strong><\/p>\n<p>&nbsp;<\/p>\n<p>Il l\u2019a jug\u00e9e sans la conna\u00eetre et l\u2019a bless\u00e9e. Elle n\u2019a qu\u2019une id\u00e9e en t\u00eate, le rattraper.<\/p>\n<p>Gabriel est gay. Cette \u00e9tiquette, il la porte comme on enfile un costume de super-h\u00e9ros, sans se poser de questions. Mais quand, d\u2019une phrase maladroite, il \u00e9branle l\u2019inaccessible Maxime, Gab est confus. Il doit partir, retourner d\u2019o\u00f9 il vient pour comprendre qui il est.<\/p>\n<p>La r\u00e9ussite et la rigueur sont les seuls rep\u00e8res de Maxime. L&rsquo;insouciance, elle n\u2019a jamais su se l\u2019autoriser. Mais lorsque ce type, un peu gourou, remet en cause son existence, elle doit lui faire comprendre qu\u2019il a tort. Comment, puisque personne ne sait o\u00f9 il est ?<\/p>\n<p>Embarquez avec Maxime dans une chasse \u00e0 l\u2019homme d\u00e9jant\u00e9e, o\u00f9 chaque \u00e9tape risque de lui en apprendre autant sur celui qu\u2019elle poursuit que sur elle-m\u00eame. Pourra-t-elle rattraper Gabriel et lui dire \u00e0 quel point il se trompe ?<\/p>\n<p>Deux \u00eatres peuvent-ils se d\u00e9couvrir \u00e0 travers le regard des autres ? Et si, en s\u2019\u00e9garant tous les deux, ils trouvaient ce qu\u2019ils ne pensaient pas chercher ?<\/p>\n<p>&nbsp;<\/p>\n","protected":false},"excerpt":{"rendered":"<h2>[ romance Contemporaine. ]<\/h2>\n<p>&nbsp;<\/p>\n<blockquote><p>D\u00e9couvrez Gabriel \u2013 Surprendre. Une romance hors du commun sur fond de road-trip d\u00e9jant\u00e9, sign\u00e9e Karyn Adler &amp; Lo\u00efs Smes.<\/p>\n<p>Deux \u00eatres peuvent-ils se d\u00e9couvrir \u00e0 travers le regard des autres ?\u00a0 Et s\u2019il suffisait de s\u2019\u00e9garer pour trouver ce qu\u2019on ne pensait pas chercher ?<\/p><\/blockquote>\n<p>&nbsp;<\/p>\n<p>&nbsp;<\/p>\n","protected":false},"featured_media":1293,"comment_status":"open","ping_status":"closed","template":"","meta":[],"product_brand":[],"product_cat":[26,69],"product_tag":[35,39,36,88,37,73],"class_list":{"0":"post-1289","1":"product","2":"type-product","3":"status-publish","4":"has-post-thumbnail","6":"product_cat-serie-saga","7":"product_cat-romances-contemporaines","8":"product_tag-broche","9":"product_tag-elskur","10":"product_tag-karyn-adler","11":"product_tag-lenny","12":"product_tag-lois-smes","13":"product_tag-romance-contemporaine","14":"pa_dedi-deux-auteures","15":"pa_dedi-non","16":"pa_dedi-une-auteure","18":"first","19":"instock","20":"taxable","21":"shipping-taxable","22":"product-type-variable","23":"has-default-attributes"},"jetpack-related-posts":[],"jetpack_sharing_enabled":true,"_links":{"self":[{"href":"https:\/\/kyrroeditions.com\/index.php\/wp-json\/wp\/v2\/product\/1289","targetHints":{"allow":["GET"]}}],"collection":[{"href":"https:\/\/kyrroeditions.com\/index.php\/wp-json\/wp\/v2\/product"}],"about":[{"href":"https:\/\/kyrroeditions.com\/index.php\/wp-json\/wp\/v2\/types\/product"}],"replies":[{"embeddable":true,"href":"https:\/\/kyrroeditions.com\/index.php\/wp-json\/wp\/v2\/comments?post=1289"}],"wp:featuredmedia":[{"embeddable":true,"href":"https:\/\/kyrroeditions.com\/index.php\/wp-json\/wp\/v2\/media\/1293"}],"wp:attachment":[{"href":"https:\/\/kyrroeditions.com\/index.php\/wp-json\/wp\/v2\/media?parent=1289"}],"wp:term":[{"taxonomy":"product_brand","embeddable":true,"href":"https:\/\/kyrroeditions.com\/index.php\/wp-json\/wp\/v2\/product_brand?post=1289"},{"taxonomy":"product_cat","embeddable":true,"href":"https:\/\/kyrroeditions.com\/index.php\/wp-json\/wp\/v2\/product_cat?post=1289"},{"taxonomy":"product_tag","embeddable":true,"href":"https:\/\/kyrroeditions.com\/index.php\/wp-json\/wp\/v2\/product_tag?post=1289"}],"curies":[{"name":"wp","href":"https:\/\/api.w.org\/{rel}","templated":true}]}}