{"id":1598,"date":"2022-08-20T15:11:59","date_gmt":"2022-08-20T13:11:59","guid":{"rendered":"https:\/\/kyrroeditions.com\/?post_type=product&#038;p=1598"},"modified":"2025-12-03T00:47:29","modified_gmt":"2025-12-02T23:47:29","slug":"dusk-till-dawn","status":"publish","type":"product","link":"https:\/\/kyrroeditions.com\/index.php\/produit\/dusk-till-dawn\/","title":{"rendered":"Dusk Till Dawn &#8211; L&rsquo;Aphrodite #1 &#8211; Karyn Adler"},"content":{"rendered":"<div class=\"l7ghb35v kjdc1dyq kmwttqpk gh25dzvf jikcssrz n3t5jt4f\">\n<div dir=\"auto\"><img data-recalc-dims=\"1\" loading=\"lazy\" decoding=\"async\" class=\"alignnone size-medium wp-image-1605\" src=\"https:\/\/i0.wp.com\/kyrroeditions.com\/wp-content\/uploads\/2022\/08\/299273701_445737530904778_7291112170806120087_n.png?resize=300%2C230&#038;ssl=1\" alt=\"\" width=\"300\" height=\"230\" srcset=\"https:\/\/i0.wp.com\/kyrroeditions.com\/wp-content\/uploads\/2022\/08\/299273701_445737530904778_7291112170806120087_n.png?resize=300%2C230&amp;ssl=1 300w, https:\/\/i0.wp.com\/kyrroeditions.com\/wp-content\/uploads\/2022\/08\/299273701_445737530904778_7291112170806120087_n.png?resize=1024%2C785&amp;ssl=1 1024w, https:\/\/i0.wp.com\/kyrroeditions.com\/wp-content\/uploads\/2022\/08\/299273701_445737530904778_7291112170806120087_n.png?resize=150%2C115&amp;ssl=1 150w, https:\/\/i0.wp.com\/kyrroeditions.com\/wp-content\/uploads\/2022\/08\/299273701_445737530904778_7291112170806120087_n.png?resize=768%2C589&amp;ssl=1 768w, https:\/\/i0.wp.com\/kyrroeditions.com\/wp-content\/uploads\/2022\/08\/299273701_445737530904778_7291112170806120087_n.png?resize=600%2C460&amp;ssl=1 600w, https:\/\/i0.wp.com\/kyrroeditions.com\/wp-content\/uploads\/2022\/08\/299273701_445737530904778_7291112170806120087_n.png?w=1500&amp;ssl=1 1500w\" sizes=\"auto, (max-width: 300px) 100vw, 300px\" \/><\/div>\n<div dir=\"auto\">\n<div class=\"l7ghb35v kjdc1dyq kmwttqpk gh25dzvf jikcssrz n3t5jt4f\">\n<div dir=\"auto\">\n<h2><strong>[ Romance sensuelle. ]<\/strong><\/h2>\n<p>&nbsp;<\/p>\n<\/div>\n<div dir=\"auto\"><em><strong>Bienvenue \u00e0 L&rsquo;Aphrodite. Poussez les portes de ce club s\u00e9lect et sulfureux g\u00e9r\u00e9 par l&rsquo;\u00e9nigmatique Madame M., et l\u00e2chez prise&#8230;<\/strong><\/em><\/div>\n<div dir=\"auto\"><\/div>\n<\/div>\n<div class=\"l7ghb35v kjdc1dyq kmwttqpk gh25dzvf jikcssrz n3t5jt4f\">\n<div dir=\"auto\">Cet endroit, June ne pensait jamais y mettre les pieds. Mais lorsqu&rsquo;\u00e0 l&rsquo;aube de son mariage, son fianc\u00e9 la trahit dans son propre lit et lui en fait porter la responsabilit\u00e9, June ne sais plus qui elle est. Elle doit retrouver confiance en elle.<\/div>\n<\/div>\n<div dir=\"auto\"><\/div>\n<div dir=\"auto\"><\/div>\n<div class=\"l7ghb35v kjdc1dyq kmwttqpk gh25dzvf jikcssrz n3t5jt4f\">\n<div dir=\"auto\">La vie de Riley est faite de plaisirs sans cons\u00e9quences. Accro aux d\u00e9lices de l&rsquo;Aphrodite, il va se voir confier une femme bless\u00e9e, humili\u00e9e. Il devra lui apprendre \u00e0 se voir, sans jamais \u00eatre vu.<\/div>\n<\/div>\n<div class=\"l7ghb35v kjdc1dyq kmwttqpk gh25dzvf jikcssrz n3t5jt4f\">\n<div dir=\"auto\">Instruire son corps, approcher son coeur. Peut-on choisir entre sensualit\u00e9 et tendresse ? Pour reprendre confiance, June devra ouvrir les yeux sur celle qu&rsquo;elle est vraiment.<\/div>\n<\/div>\n<div class=\"l7ghb35v kjdc1dyq kmwttqpk gh25dzvf jikcssrz n3t5jt4f\">\n<div dir=\"auto\"><\/div>\n<div dir=\"auto\">Et si on pouvait tomber amoureux quand on ne cherchait qu&rsquo;\u00e0 s&rsquo;aimer ?<\/div>\n<\/div>\n<div dir=\"auto\"><\/div>\n<div dir=\"auto\"><\/div>\n<div class=\"l7ghb35v kjdc1dyq kmwttqpk gh25dzvf jikcssrz n3t5jt4f\">\n<pre><em>Dusk Till Dawn est une r\u00e9\u00e9dition.\u00a0\r\n<\/em><em>Ce roman a \u00e9t\u00e9 pr\u00e9c\u00e9demment publi\u00e9e en 2020.<\/em><\/pre>\n<\/div>\n<\/div>\n<\/div>\n<div class=\"l7ghb35v kjdc1dyq kmwttqpk gh25dzvf jikcssrz n3t5jt4f\">\n<p>&nbsp;<\/p>\n<\/div>\n","protected":false},"excerpt":{"rendered":"<h2>[ Romance sensuelle. ]<\/h2>\n<p>&nbsp;<\/p>\n<blockquote><p>Oserez-vous suivre Karyn Adler derri\u00e8re les portes de l\u2019Aphrodite et\u2026 l\u00e2cher prise ?<\/p>\n<p>&nbsp;<\/p><\/blockquote>\n<p>&nbsp;<\/p>\n<p>&nbsp;<\/p>\n<p><em>\u00a0<\/em><\/p>\n<p>&nbsp;<\/p>\n","protected":false},"featured_media":1603,"comment_status":"open","ping_status":"closed","template":"","meta":[],"product_brand":[],"product_cat":[26,71],"product_tag":[55,35,36,77],"class_list":{"0":"post-1598","1":"product","2":"type-product","3":"status-publish","4":"has-post-thumbnail","6":"product_cat-serie-saga","7":"product_cat-romance-spicy","8":"product_tag-akafur","9":"product_tag-broche","10":"product_tag-karyn-adler","11":"product_tag-romance-sensuelle","12":"pa_dedi-non","13":"pa_dedi-oui","15":"first","16":"instock","17":"taxable","18":"shipping-taxable","19":"product-type-variable"},"jetpack-related-posts":[],"jetpack_sharing_enabled":true,"_links":{"self":[{"href":"https:\/\/kyrroeditions.com\/index.php\/wp-json\/wp\/v2\/product\/1598","targetHints":{"allow":["GET"]}}],"collection":[{"href":"https:\/\/kyrroeditions.com\/index.php\/wp-json\/wp\/v2\/product"}],"about":[{"href":"https:\/\/kyrroeditions.com\/index.php\/wp-json\/wp\/v2\/types\/product"}],"replies":[{"embeddable":true,"href":"https:\/\/kyrroeditions.com\/index.php\/wp-json\/wp\/v2\/comments?post=1598"}],"wp:featuredmedia":[{"embeddable":true,"href":"https:\/\/kyrroeditions.com\/index.php\/wp-json\/wp\/v2\/media\/1603"}],"wp:attachment":[{"href":"https:\/\/kyrroeditions.com\/index.php\/wp-json\/wp\/v2\/media?parent=1598"}],"wp:term":[{"taxonomy":"product_brand","embeddable":true,"href":"https:\/\/kyrroeditions.com\/index.php\/wp-json\/wp\/v2\/product_brand?post=1598"},{"taxonomy":"product_cat","embeddable":true,"href":"https:\/\/kyrroeditions.com\/index.php\/wp-json\/wp\/v2\/product_cat?post=1598"},{"taxonomy":"product_tag","embeddable":true,"href":"https:\/\/kyrroeditions.com\/index.php\/wp-json\/wp\/v2\/product_tag?post=1598"}],"curies":[{"name":"wp","href":"https:\/\/api.w.org\/{rel}","templated":true}]}}