{"id":2850,"date":"2023-09-06T14:36:38","date_gmt":"2023-09-06T12:36:38","guid":{"rendered":"https:\/\/kyrroeditions.com\/?post_type=product&#038;p=2850"},"modified":"2026-04-11T11:23:57","modified_gmt":"2026-04-11T09:23:57","slug":"anime-moi-relie","status":"publish","type":"product","link":"https:\/\/kyrroeditions.com\/index.php\/produit\/anime-moi-relie\/","title":{"rendered":"Anime-moi &#8211; Destin #3 &#8211; Karyn Adler &#038; Lo\u00efs Smes &#8211; version reli\u00e9"},"content":{"rendered":"<p>&nbsp;<\/p>\n<p><img data-recalc-dims=\"1\" fetchpriority=\"high\" decoding=\"async\" class=\"alignnone size-medium wp-image-2854\" src=\"https:\/\/i0.wp.com\/kyrroeditions.com\/wp-content\/uploads\/2023\/09\/mockup-relie-4.png?resize=300%2C214&#038;ssl=1\" alt=\"\" width=\"300\" height=\"214\" srcset=\"https:\/\/i0.wp.com\/kyrroeditions.com\/wp-content\/uploads\/2023\/09\/mockup-relie-4.png?resize=300%2C214&amp;ssl=1 300w, https:\/\/i0.wp.com\/kyrroeditions.com\/wp-content\/uploads\/2023\/09\/mockup-relie-4.png?resize=1024%2C731&amp;ssl=1 1024w, https:\/\/i0.wp.com\/kyrroeditions.com\/wp-content\/uploads\/2023\/09\/mockup-relie-4.png?resize=150%2C107&amp;ssl=1 150w, https:\/\/i0.wp.com\/kyrroeditions.com\/wp-content\/uploads\/2023\/09\/mockup-relie-4.png?resize=768%2C549&amp;ssl=1 768w, https:\/\/i0.wp.com\/kyrroeditions.com\/wp-content\/uploads\/2023\/09\/mockup-relie-4.png?resize=1536%2C1097&amp;ssl=1 1536w, https:\/\/i0.wp.com\/kyrroeditions.com\/wp-content\/uploads\/2023\/09\/mockup-relie-4.png?resize=2048%2C1463&amp;ssl=1 2048w, https:\/\/i0.wp.com\/kyrroeditions.com\/wp-content\/uploads\/2023\/09\/mockup-relie-4.png?resize=600%2C429&amp;ssl=1 600w, https:\/\/i0.wp.com\/kyrroeditions.com\/wp-content\/uploads\/2023\/09\/mockup-relie-4.png?w=1664&amp;ssl=1 1664w, https:\/\/i0.wp.com\/kyrroeditions.com\/wp-content\/uploads\/2023\/09\/mockup-relie-4.png?w=2496&amp;ssl=1 2496w\" sizes=\"(max-width: 300px) 100vw, 300px\" \/><\/p>\n<h2><strong>[ Romance sombre. ]<\/strong><\/h2>\n<p>&nbsp;<\/p>\n<blockquote><p>Le temps peut tout figer, m\u00eame un coeur bris\u00e9.<\/p><\/blockquote>\n<p>Curtis Montgomery est \u00e0 l\u2019image de sa r\u00e9ussite : spectaculaire et impressionnant. Brillant homme d\u2019affaires, ses mots d\u00e9routent et son regard intimide. Mais derri\u00e8re la fa\u00e7ade du patron intransigeant, Curtis cache une \u00e2me tortur\u00e9e et des failles inavouables.<\/p>\n<p>Solveig Olsen est faite d\u2019un trop-plein d\u2019\u00e9motions. Conservatrice au National Museum de Stockholm, elle a fait de son hypersensibilit\u00e9 une force pour b\u00e2tir sa carri\u00e8re. Il lui suffit d\u2019effleurer une sculpture, d\u2019observer un tableau, pour en ressentir la subtilit\u00e9. Mais quand les portes du mus\u00e9e se referment, ses sens reprennent leur droit.<\/p>\n<p>Lorsque Curtis s\u2019envole pour l\u2019Europe afin de conclure un contrat, il ne r\u00e9siste pas \u00e0 l\u2019envie de satisfaire son amour pour l\u2019art. Mais l\u2019oeuvre la plus intrigante de Su\u00e8de pourrait bien \u00eatre cette jeune femme \u00e0 fleur de peau qu\u2019il ne doit surtout pas convoiter.<\/p>\n<blockquote><p>Il doit rester de marbre, saura-t-elle l\u2019animer ?<\/p><\/blockquote>\n","protected":false},"excerpt":{"rendered":"<h2>[ Romance sombre. ]<\/h2>\n<p>&nbsp;<\/p>\n<blockquote><p>L&rsquo;amour peut-il animer un c\u0153ur fissur\u00e9 ?<\/p>\n<p>D\u00e9couvrez la romance sombre tout en \u00e9motions sign\u00e9e Karyn Adler &amp; Lo\u00efs Smes.<\/p><\/blockquote>\n","protected":false},"featured_media":2855,"comment_status":"open","ping_status":"closed","template":"","meta":[],"product_brand":[],"product_cat":[52,26,48],"product_tag":[36,37,49,51,74],"class_list":{"0":"post-2850","1":"product","2":"type-product","3":"status-publish","4":"has-post-thumbnail","6":"product_cat-relie","7":"product_cat-serie-saga","8":"product_cat-romance-sombre","9":"product_tag-karyn-adler","10":"product_tag-lois-smes","11":"product_tag-myrkur","12":"product_tag-relie","13":"product_tag-romance-sombre","15":"first","16":"instock","17":"taxable","18":"shipping-taxable","19":"purchasable","20":"product-type-variable"},"jetpack-related-posts":[],"jetpack_sharing_enabled":true,"_links":{"self":[{"href":"https:\/\/kyrroeditions.com\/index.php\/wp-json\/wp\/v2\/product\/2850","targetHints":{"allow":["GET"]}}],"collection":[{"href":"https:\/\/kyrroeditions.com\/index.php\/wp-json\/wp\/v2\/product"}],"about":[{"href":"https:\/\/kyrroeditions.com\/index.php\/wp-json\/wp\/v2\/types\/product"}],"replies":[{"embeddable":true,"href":"https:\/\/kyrroeditions.com\/index.php\/wp-json\/wp\/v2\/comments?post=2850"}],"wp:featuredmedia":[{"embeddable":true,"href":"https:\/\/kyrroeditions.com\/index.php\/wp-json\/wp\/v2\/media\/2855"}],"wp:attachment":[{"href":"https:\/\/kyrroeditions.com\/index.php\/wp-json\/wp\/v2\/media?parent=2850"}],"wp:term":[{"taxonomy":"product_brand","embeddable":true,"href":"https:\/\/kyrroeditions.com\/index.php\/wp-json\/wp\/v2\/product_brand?post=2850"},{"taxonomy":"product_cat","embeddable":true,"href":"https:\/\/kyrroeditions.com\/index.php\/wp-json\/wp\/v2\/product_cat?post=2850"},{"taxonomy":"product_tag","embeddable":true,"href":"https:\/\/kyrroeditions.com\/index.php\/wp-json\/wp\/v2\/product_tag?post=2850"}],"curies":[{"name":"wp","href":"https:\/\/api.w.org\/{rel}","templated":true}]}}