{"id":4178,"date":"2024-06-13T16:43:27","date_gmt":"2024-06-13T14:43:27","guid":{"rendered":"https:\/\/kyrroeditions.com\/?post_type=product&#038;p=4178"},"modified":"2026-04-20T22:07:12","modified_gmt":"2026-04-20T20:07:12","slug":"welcome-to-the-phare-ouest","status":"publish","type":"product","link":"https:\/\/kyrroeditions.com\/index.php\/produit\/welcome-to-the-phare-ouest\/","title":{"rendered":"Welcome to the Phare Ouest &#8211; Karyn Adler"},"content":{"rendered":"<p><strong><em><img data-recalc-dims=\"1\" fetchpriority=\"high\" decoding=\"async\" class=\"alignnone size-medium wp-image-4186\" src=\"https:\/\/i0.wp.com\/kyrroeditions.com\/wp-content\/uploads\/2024\/06\/1718285624.png?resize=300%2C230&#038;ssl=1\" alt=\"mockup du livre Welcome to the Phare Ouest\" width=\"300\" height=\"230\" srcset=\"https:\/\/i0.wp.com\/kyrroeditions.com\/wp-content\/uploads\/2024\/06\/1718285624.png?resize=300%2C230&amp;ssl=1 300w, https:\/\/i0.wp.com\/kyrroeditions.com\/wp-content\/uploads\/2024\/06\/1718285624.png?resize=1024%2C785&amp;ssl=1 1024w, https:\/\/i0.wp.com\/kyrroeditions.com\/wp-content\/uploads\/2024\/06\/1718285624.png?resize=150%2C115&amp;ssl=1 150w, https:\/\/i0.wp.com\/kyrroeditions.com\/wp-content\/uploads\/2024\/06\/1718285624.png?resize=768%2C589&amp;ssl=1 768w, https:\/\/i0.wp.com\/kyrroeditions.com\/wp-content\/uploads\/2024\/06\/1718285624.png?resize=600%2C460&amp;ssl=1 600w, https:\/\/i0.wp.com\/kyrroeditions.com\/wp-content\/uploads\/2024\/06\/1718285624.png?w=1500&amp;ssl=1 1500w\" sizes=\"(max-width: 300px) 100vw, 300px\" \/><br \/>\n<\/em><\/strong><\/p>\n<h2><strong>[ com\u00e9die Romantique. ]<\/strong><\/h2>\n<p>&nbsp;<\/p>\n<p><strong><em>Qui n\u2019a jamais r\u00eav\u00e9 de vivre dans les plaines de l\u2019Ouest, un Stetson viss\u00e9 sur la t\u00eate et des santiags aux pieds\u00a0<\/em><em>?<\/em><\/strong><\/p>\n<p>Colombe.<\/p>\n<p>\u00c0 vrai dire, Colombe n\u2019a jamais r\u00eav\u00e9 de rien. Sa m\u00e8re dit d\u2019elle qu\u2019elle est n\u00e9e aigrie, et la jeune femme n\u2019a jamais cherch\u00e9 \u00e0 lui donner tort.<\/p>\n<p>Pourtant, lorsqu\u2019elle se retrouve sans emploi et qu\u2019une voix, \u00e0 la radio, annonce un concours pour gagner un job au <em>Far West<\/em>, Colombe se d\u00e9couvre des r\u00eaves qu\u2019elle ne pensait pas avoir.<\/p>\n<p>Si seulement elle avait lu l\u2019annonce\u2026 elle aurait peut-\u00eatre compris qu\u2019elle allait rencontrer le plus sexy des cowboys\u2026 bretons.<\/p>\n<p>Bienvenue au bout du monde, dans le Finist\u00e8re.<\/p>\n<p><strong><em>Welcome to the Phare Ouest\u00a0!<\/em><\/strong><\/p>\n","protected":false},"excerpt":{"rendered":"<h2>[ com\u00e9die Romantique. ]<\/h2>\n<p>&nbsp;<\/p>\n<blockquote><p><strong><em>Qui a dit qu&rsquo;il fallait partir au bout du monde pour danser la country ? Certainement pas Karyn Adler !<\/em><br \/>\n<\/strong><\/p><\/blockquote>\n","protected":false},"featured_media":4181,"comment_status":"open","ping_status":"closed","template":"","meta":[],"product_brand":[],"product_cat":[30],"product_tag":[35,75,38,36],"class_list":{"0":"post-4178","1":"product","2":"type-product","3":"status-publish","4":"has-post-thumbnail","6":"product_cat-comedie-romantique","7":"product_tag-broche","8":"product_tag-comedie-romantique","9":"product_tag-fyndid","10":"product_tag-karyn-adler","11":"pa_dedi-non","12":"pa_dedi-oui","14":"first","15":"instock","16":"taxable","17":"shipping-taxable","18":"purchasable","19":"product-type-variable"},"jetpack-related-posts":[],"jetpack_sharing_enabled":true,"_links":{"self":[{"href":"https:\/\/kyrroeditions.com\/index.php\/wp-json\/wp\/v2\/product\/4178","targetHints":{"allow":["GET"]}}],"collection":[{"href":"https:\/\/kyrroeditions.com\/index.php\/wp-json\/wp\/v2\/product"}],"about":[{"href":"https:\/\/kyrroeditions.com\/index.php\/wp-json\/wp\/v2\/types\/product"}],"replies":[{"embeddable":true,"href":"https:\/\/kyrroeditions.com\/index.php\/wp-json\/wp\/v2\/comments?post=4178"}],"wp:featuredmedia":[{"embeddable":true,"href":"https:\/\/kyrroeditions.com\/index.php\/wp-json\/wp\/v2\/media\/4181"}],"wp:attachment":[{"href":"https:\/\/kyrroeditions.com\/index.php\/wp-json\/wp\/v2\/media?parent=4178"}],"wp:term":[{"taxonomy":"product_brand","embeddable":true,"href":"https:\/\/kyrroeditions.com\/index.php\/wp-json\/wp\/v2\/product_brand?post=4178"},{"taxonomy":"product_cat","embeddable":true,"href":"https:\/\/kyrroeditions.com\/index.php\/wp-json\/wp\/v2\/product_cat?post=4178"},{"taxonomy":"product_tag","embeddable":true,"href":"https:\/\/kyrroeditions.com\/index.php\/wp-json\/wp\/v2\/product_tag?post=4178"}],"curies":[{"name":"wp","href":"https:\/\/api.w.org\/{rel}","templated":true}]}}