{"id":5840,"date":"2025-03-18T13:08:34","date_gmt":"2025-03-18T12:08:34","guid":{"rendered":"https:\/\/kyrroeditions.com\/?post_type=product&#038;p=5840"},"modified":"2026-04-11T11:12:28","modified_gmt":"2026-04-11T09:12:28","slug":"lennie-comprendre-itp-tome-1","status":"publish","type":"product","link":"https:\/\/kyrroeditions.com\/index.php\/produit\/lennie-comprendre-itp-tome-1\/","title":{"rendered":"Lennie &#8211; Comprendre ITP &#8211; Lenn(y) #1 &#8211; Karyn Adler &#038; Lo\u00efs Smes"},"content":{"rendered":"<p><a href=\"https:\/\/i0.wp.com\/kyrroeditions.com\/wp-content\/uploads\/2025\/03\/poche-Mockup.png?ssl=1\"><img data-recalc-dims=\"1\" loading=\"lazy\" decoding=\"async\" class=\"alignleft size-medium wp-image-5845\" src=\"https:\/\/i0.wp.com\/kyrroeditions.com\/wp-content\/uploads\/2025\/03\/poche-Mockup.png?resize=300%2C225&#038;ssl=1\" alt=\"Livre de poche - Lennie - Romance contemporaine\" width=\"300\" height=\"225\" srcset=\"https:\/\/i0.wp.com\/kyrroeditions.com\/wp-content\/uploads\/2025\/03\/poche-Mockup.png?resize=300%2C225&amp;ssl=1 300w, https:\/\/i0.wp.com\/kyrroeditions.com\/wp-content\/uploads\/2025\/03\/poche-Mockup.png?resize=1024%2C768&amp;ssl=1 1024w, https:\/\/i0.wp.com\/kyrroeditions.com\/wp-content\/uploads\/2025\/03\/poche-Mockup.png?resize=150%2C113&amp;ssl=1 150w, https:\/\/i0.wp.com\/kyrroeditions.com\/wp-content\/uploads\/2025\/03\/poche-Mockup.png?resize=768%2C576&amp;ssl=1 768w, https:\/\/i0.wp.com\/kyrroeditions.com\/wp-content\/uploads\/2025\/03\/poche-Mockup.png?resize=1536%2C1152&amp;ssl=1 1536w, https:\/\/i0.wp.com\/kyrroeditions.com\/wp-content\/uploads\/2025\/03\/poche-Mockup.png?resize=2048%2C1536&amp;ssl=1 2048w, https:\/\/i0.wp.com\/kyrroeditions.com\/wp-content\/uploads\/2025\/03\/poche-Mockup.png?resize=600%2C450&amp;ssl=1 600w, https:\/\/i0.wp.com\/kyrroeditions.com\/wp-content\/uploads\/2025\/03\/poche-Mockup.png?resize=64%2C48&amp;ssl=1 64w, https:\/\/i0.wp.com\/kyrroeditions.com\/wp-content\/uploads\/2025\/03\/poche-Mockup.png?w=1664&amp;ssl=1 1664w, https:\/\/i0.wp.com\/kyrroeditions.com\/wp-content\/uploads\/2025\/03\/poche-Mockup.png?w=2496&amp;ssl=1 2496w\" sizes=\"auto, (max-width: 300px) 100vw, 300px\" \/><\/a><\/p>\n<p>&nbsp;<\/p>\n<h2><strong>[ Romance contemporaine ]<\/strong><\/h2>\n<p>Nous avons tous \u00e9t\u00e9 trahis, un jour. Et vous, qui est votre tra\u00eetre ?<\/p>\n<p>Pour Lennie, la trahison est ancr\u00e9e dans son reflet. Pourtant, c&rsquo;est \u00ab\u00a0elle\u00a0\u00bb, l&rsquo;origine de sa fuite. Sans pass\u00e9, son futur se conjugue au f\u00e9minin puisque la nature l&rsquo;a d\u00e9cid\u00e9 ainsi. L&rsquo;homme perdu derri\u00e8re ses traits, \u00ab\u00a0elle\u00a0\u00bb l&rsquo;a an\u00e9anti.<\/p>\n<p>Man\u00ebl en est persuad\u00e9e, la porte de son c\u0153ur est ferm\u00e9e \u00e0 jamais. Quand l&rsquo;amour nous a d\u00e9j\u00e0 trahis, comment faire confiance \u00e0 nouveau ? Et s&rsquo;il suffisait de croiser les yeux sombres de cette fille, un peu gar\u00e7on manqu\u00e9, pour voir ses certitudes s&rsquo;\u00e9crouler ?<\/p>\n<p>L&rsquo;amour r\u00e9v\u00e8le toutes les v\u00e9rit\u00e9s. Lennie aura-t-il le courage de le voir ? Man\u00ebl saura-t-elle le comprendre ?<\/p>\n<p><em>Ceci n&rsquo;est pas juste une romance, c&rsquo;est une histoire d&rsquo;amour.<\/em><\/p>\n<p><strong>Existe aussi en format broch\u00e9 et num\u00e9rique<\/strong><\/p>\n","protected":false},"excerpt":{"rendered":"<h2>[ Romance contemporaine]<\/h2>\n<p>&nbsp;<\/p>\n<blockquote><p>D\u00e9couvrez Lennie \u2013 Comprendre,1e tome de la duologie co-\u00e9crite par Karyn Adler &amp; Lo\u00efs Smes, en version poche, pour l\u2019emmener partout, o\u00f9 vous voulez.<\/p>\n<p><span class=\"tojvnm2t a6sixzi8 abs2jz4q a8s20v7p t1p8iaqh k5wvi7nf q3lfd5jv pk4s997a bipmatt0 cebpdrjk qowsmv63 owwhemhu dp1hu0rb dhp61c6y iyyx5f41\">Une histoire bouleversante qui red\u00e9finit les contours de l\u2019amour.<\/span><\/p><\/blockquote>\n","protected":false},"featured_media":5846,"comment_status":"open","ping_status":"closed","template":"","meta":[],"product_brand":[],"product_cat":[94],"product_tag":[39,93,36,37,92,73,102],"class_list":{"0":"post-5840","1":"product","2":"type-product","3":"status-publish","4":"has-post-thumbnail","6":"product_cat-itp","7":"product_tag-elskur","8":"product_tag-itp","9":"product_tag-karyn-adler","10":"product_tag-lois-smes","11":"product_tag-poche","12":"product_tag-romance-contemporaine","13":"product_tag-serie-lenny","14":"pa_dedi-deux-auteures","15":"pa_dedi-non","16":"pa_dedi-une-auteure","18":"first","19":"instock","20":"taxable","21":"shipping-taxable","22":"product-type-variable","23":"has-default-attributes"},"jetpack-related-posts":[],"jetpack_sharing_enabled":true,"_links":{"self":[{"href":"https:\/\/kyrroeditions.com\/index.php\/wp-json\/wp\/v2\/product\/5840","targetHints":{"allow":["GET"]}}],"collection":[{"href":"https:\/\/kyrroeditions.com\/index.php\/wp-json\/wp\/v2\/product"}],"about":[{"href":"https:\/\/kyrroeditions.com\/index.php\/wp-json\/wp\/v2\/types\/product"}],"replies":[{"embeddable":true,"href":"https:\/\/kyrroeditions.com\/index.php\/wp-json\/wp\/v2\/comments?post=5840"}],"wp:featuredmedia":[{"embeddable":true,"href":"https:\/\/kyrroeditions.com\/index.php\/wp-json\/wp\/v2\/media\/5846"}],"wp:attachment":[{"href":"https:\/\/kyrroeditions.com\/index.php\/wp-json\/wp\/v2\/media?parent=5840"}],"wp:term":[{"taxonomy":"product_brand","embeddable":true,"href":"https:\/\/kyrroeditions.com\/index.php\/wp-json\/wp\/v2\/product_brand?post=5840"},{"taxonomy":"product_cat","embeddable":true,"href":"https:\/\/kyrroeditions.com\/index.php\/wp-json\/wp\/v2\/product_cat?post=5840"},{"taxonomy":"product_tag","embeddable":true,"href":"https:\/\/kyrroeditions.com\/index.php\/wp-json\/wp\/v2\/product_tag?post=5840"}],"curies":[{"name":"wp","href":"https:\/\/api.w.org\/{rel}","templated":true}]}}