{"id":6558,"date":"2025-06-27T13:03:26","date_gmt":"2025-06-27T11:03:26","guid":{"rendered":"https:\/\/kyrroeditions.com\/?post_type=product&#038;p=6558"},"modified":"2026-04-17T20:18:28","modified_gmt":"2026-04-17T18:18:28","slug":"mon-horrible-voisin","status":"publish","type":"product","link":"https:\/\/kyrroeditions.com\/index.php\/produit\/mon-horrible-voisin\/","title":{"rendered":"Mon horrible voisin &#8211; C\u00e9line E. Nicolas &#038; Virginie M. Cansier"},"content":{"rendered":"<p>&nbsp;<\/p>\n<h2><strong><a href=\"https:\/\/i0.wp.com\/kyrroeditions.com\/wp-content\/uploads\/2025\/06\/1751586139.png?ssl=1\"><img data-recalc-dims=\"1\" loading=\"lazy\" decoding=\"async\" class=\"alignleft wp-image-6692 size-medium\" src=\"https:\/\/i0.wp.com\/kyrroeditions.com\/wp-content\/uploads\/2025\/06\/1751586139.png?resize=300%2C230&#038;ssl=1\" alt=\"\" width=\"300\" height=\"230\" srcset=\"https:\/\/i0.wp.com\/kyrroeditions.com\/wp-content\/uploads\/2025\/06\/1751586139.png?resize=300%2C230&amp;ssl=1 300w, https:\/\/i0.wp.com\/kyrroeditions.com\/wp-content\/uploads\/2025\/06\/1751586139.png?resize=1024%2C785&amp;ssl=1 1024w, https:\/\/i0.wp.com\/kyrroeditions.com\/wp-content\/uploads\/2025\/06\/1751586139.png?resize=150%2C115&amp;ssl=1 150w, https:\/\/i0.wp.com\/kyrroeditions.com\/wp-content\/uploads\/2025\/06\/1751586139.png?resize=768%2C589&amp;ssl=1 768w, https:\/\/i0.wp.com\/kyrroeditions.com\/wp-content\/uploads\/2025\/06\/1751586139.png?resize=600%2C460&amp;ssl=1 600w, https:\/\/i0.wp.com\/kyrroeditions.com\/wp-content\/uploads\/2025\/06\/1751586139.png?resize=64%2C49&amp;ssl=1 64w, https:\/\/i0.wp.com\/kyrroeditions.com\/wp-content\/uploads\/2025\/06\/1751586139.png?w=1500&amp;ssl=1 1500w\" sizes=\"auto, (max-width: 300px) 100vw, 300px\" \/><\/a><\/strong><\/h2>\n<h2><strong>[ COM\u00c9DIE ROMANTIQUE. ]<\/strong><\/h2>\n<div><\/div>\n<p>Margot, romanci\u00e8re \u00e9tourdie, m\u00e8ne une vie tranquille entre \u00e9criture, loufoqueries, crises de panique et son chat, Puduc. Mais lorsque Ezra, son voisin avocat aussi psychorigide que s\u00e9duisant, d\u00e9barque dans son existence, c\u2019est le chaos\u00a0! Qu\u2019a-t-elle bien pu faire pour le mettre dans cet \u00e9tat\u00a0?<\/p>\n<p>Dans le secret de la vie d\u2019un quartier parisien, les r\u00e9parties fusent et les tensions montent. Et si deux \u00eatres qui s\u2019entendent comme chien et chat \u00e9taient finalement <strong><em>f\u00e9lins<\/em><\/strong> pour l\u2019autre\u00a0?<\/p>\n<blockquote><p>Plongez dans une com\u00e9die romantique p\u00e9tillante, o\u00f9 l\u2019amour s\u2019invite l\u00e0 o\u00f9 on ne l\u2019attend pas, et o\u00f9 m\u00eame les chats ont leur mot \u00e0 dire\u00a0!<\/p><\/blockquote>\n","protected":false},"excerpt":{"rendered":"<h2>[ com\u00e9die romantique ]<\/h2>\n<p>&nbsp;<\/p>\n<blockquote><p>Embarquez avec Virginie M. Cansier et C\u00e9line E. Nicolas dans une com\u00e9die romantique&#8230; Cat-astrophique !<\/p><\/blockquote>\n","protected":false},"featured_media":6693,"comment_status":"open","ping_status":"closed","template":"","meta":[],"product_brand":[],"product_cat":[30],"product_tag":[35,103,75,38,104],"class_list":{"0":"post-6558","1":"product","2":"type-product","3":"status-publish","4":"has-post-thumbnail","6":"product_cat-comedie-romantique","7":"product_tag-broche","8":"product_tag-celine-e-nicolas","9":"product_tag-comedie-romantique","10":"product_tag-fyndid","11":"product_tag-virginie-m-cansier","12":"pa_dedi-non","13":"pa_dedi-oui","15":"first","16":"instock","17":"taxable","18":"shipping-taxable","19":"product-type-variable"},"jetpack-related-posts":[],"jetpack_sharing_enabled":true,"_links":{"self":[{"href":"https:\/\/kyrroeditions.com\/index.php\/wp-json\/wp\/v2\/product\/6558","targetHints":{"allow":["GET"]}}],"collection":[{"href":"https:\/\/kyrroeditions.com\/index.php\/wp-json\/wp\/v2\/product"}],"about":[{"href":"https:\/\/kyrroeditions.com\/index.php\/wp-json\/wp\/v2\/types\/product"}],"replies":[{"embeddable":true,"href":"https:\/\/kyrroeditions.com\/index.php\/wp-json\/wp\/v2\/comments?post=6558"}],"wp:featuredmedia":[{"embeddable":true,"href":"https:\/\/kyrroeditions.com\/index.php\/wp-json\/wp\/v2\/media\/6693"}],"wp:attachment":[{"href":"https:\/\/kyrroeditions.com\/index.php\/wp-json\/wp\/v2\/media?parent=6558"}],"wp:term":[{"taxonomy":"product_brand","embeddable":true,"href":"https:\/\/kyrroeditions.com\/index.php\/wp-json\/wp\/v2\/product_brand?post=6558"},{"taxonomy":"product_cat","embeddable":true,"href":"https:\/\/kyrroeditions.com\/index.php\/wp-json\/wp\/v2\/product_cat?post=6558"},{"taxonomy":"product_tag","embeddable":true,"href":"https:\/\/kyrroeditions.com\/index.php\/wp-json\/wp\/v2\/product_tag?post=6558"}],"curies":[{"name":"wp","href":"https:\/\/api.w.org\/{rel}","templated":true}]}}